4.
-23133033
Convert a059 (base 16) to base 5.
2303144
-1beea (base 16) to base 13
-400ca
Convert 510437 (base 9) to base 5.
34132124
-7a769 (base 16) to base 2
-1111010011101101001
Convert 201111012220 (base 3) to base 4.
1131221331
3202012300 (base 4) to base 8
3420660
11010112100 (base 3) to base 15
19156
-50731032 (base 8) to base 16
-a3b21a
-13a273 (base 12) to base 3
-121200212220
Convert 1884a (base 13) to base 2.
1011100110111111
Convert 481744 (base 10) to base 2.
1110101100111010000
What is -100011212010011 (base 3) in base 9?
-10155104
Convert -111002203202 (base 4) to base 11.
-3127962
-1022101020002 (base 3) to base 6
-22531515
465cf9 (base 16) to base 3
22200021112200
What is -142c3bc (base 13) in base 2?
-11000011001100011100001
Convert -15cbc0 (base 14) to base 10.
-765156
84819 (base 11) to base 6
2351252
Convert -146811a (base 11) to base 10.
-2514401
-6ba9b (base 12) to base 14
-3ab9d
-1253228 (base 9) to base 11
-428492
What is -877435 (base 9) in base 7?
-4311023
18597b (base 12) to base 8
1475457
Convert 6756a5 (base 12) to base 4.
12102102131
What is -13001132 (base 4) in base 11?
-1a681
Convert -3341411 (base 9) to base 14.
-34b761
-84220 (base 11) to base 15
-26561
Convert 28a4721 (base 11) to base 10.
4984134
What is -22602557 (base 8) in base 13?
-1031b34
502926 (base 16) to base 3
100212220022220
Convert -379a1 (base 16) to base 4.
-313212201
What is 101000101100110001 (base 2) in base 9?
273607
-94128 (base 10) to base 6
-2003440
Convert -100001011010011100 (base 2) to base 16.
-2169c
Convert 474713 (base 9) to base 5.
33114433
What is -4231232 (base 5) in base 7?
-413315
79a5ab (base 15) to base 3
101220222201122
What is 8b714a (base 14) in base 9?
8831370
What is -a11676 (base 11) in base 10?
-1627291
What is 34310540 (base 6) in base 9?
1872046
64222 (base 13) to base 14
49b04
Convert e859 (base 15) to base 2.
1011111111101110
66079 (base 15) to base 8
1171022
What is 4210442 (base 5) in base 2?
10000111101111001
What is 41101 (base 10) in base 2?
1010000010001101
3dce7 (base 15) to base 13
6c571
-240407 (base 9) to base 8
-432441
What is -222141 (base 7) in base 2?
-1001100100001100
3221026 (base 7) to base 5
100013401
-211112111 (base 3) to base 9
-24474
-80431 (base 9) to base 14
-15384
Convert -5551006 (base 11) to base 12.
-331722a
What is 720733 (base 9) in base 6?
13053050
Convert 8089 (base 15) to base 11.
19423
70073 (base 9) to base 11
31612
-24241034 (base 5) to base 11
-14603a
What is 51543020 (base 8) in base 7?
161620646
What is 172633 (base 8) in base 12?
30477
What is -25212043 (base 6) in base 9?
-1464660
What is 1641013 (base 7) in base 14?
5d37a
What is -1400620 (base 7) in base 13?
-663a0
3236633 (base 9) to base 7
20523060
Convert 133551 (base 11) to base 4.
303023130
Convert 239a64 (base 11) to base 5.
44114114
What is 14051 (base 11) in base 6?
232405
What is -200958 (base 11) in base 2?
-1001110111010110110
What is -4512403 (base 6) in base 4?
-313200303
What is -100011001110101010 (base 2) in base 15?
-2cb4d
What is -2101002022102 (base 3) in base 13?
-3521b7
Convert 18025870 (base 9) to base 11.
5122979
What is 1663336 (base 7) in base 12?
b3584
8062a (base 13) to base 10
229538
Convert -9aa9a1 (base 11) to base 2.
-110001001001010001011
1413673 (base 8) to base 5
100234131
-8202787 (base 9) to base 12
-1569b2a
201124440 (base 5) to base 4
3003301032
-100010111101010000 (base 2) to base 3
-21021102010
-14d02 (base 15) to base 13
-2469b
1146532 (base 9) to base 14
12271c
Convert -1423300122 (base 5) to base 8.
-16161442
Convert -81093 (base 11) to base 13.
-41c71
353602 (base 10) to base 2
1010110010101000010
Convert -12111012201 (base 3) to base 13.
-3a243
What is -1010001222200 (base 3) in base 16?
-90843
What is 2926572 (base 10) in base 8?
13123754
What is -164122 (base 8) in base 16?
-e852
What is 271443 (base 12) in base 8?
2354063
Convert dc8e (base 15) to base 2.
1011011001110101
Convert -313310303 (base 5) to base 12.
-530409
Convert 41aa23 (base 13) to base 10.
1537422
Convert -b930 (base 16) to base 3.
-2102000212
Convert 1266325 (base 10) to base 6.
43050341
Convert 403144 (base 5) to base 9.
18650
What is -6584ba (base 15) in base 3?
-100002202201211
What is 167aa (base 16) in base 12?
4534a
-252226 (base 8) to base 7
-512125
Convert 30043233 (base 5) to base 4.
321330012
-14e5ea (base 16) to base 11
-855a91
Convert -4d45 (base 15) to base 12.
-9662
-21ca7a (base 13) to base 12
-326686
1011101010101010100011 (base 2) to base 16
2eaaa3
Convert 1100110000001001 (base 2) to base 7.
305166
What is 973bbd (base 15) in base 11?
4079684
Convert -32323332 (base 5) to base 9.
-461523
Convert -d92c10 (base 14) to base 12.
-2562912
What is 340a58 (base 14) in base 5?
423103144
Convert -11013411 (base 5) to base 12.
-46a88
15e4b (base 16) to base 12
43a8b
What is -21224540 (base 6) in base 14?
-12407a
-3ed0f (base 16) to base 6
-5303103
-315543 (base 8) to base 6
-2131323
Convert -31110033302 (base 4) to base 16.
-3543f2
1d362 (base 15) to base 3
11211200102
What is -15817b7 (base 13) in base 2?
-11010011000010011011100
Convert 2142725 (base 8) to base 4.
2030113111
What is 1010202 (base 8) in base 13?
94320
Convert -3162 (base 14) to base 8.
-20502
1a9142 (base 13) to base 16
a5423
What is 1110110010 (base 2) in base 9?
1261
Convert -1341444 (base 8) to base 16.
-5c324
Convert -10302213132 (base 4) to base 13.
-34c84b
Convert -1820330 (base 9) to base 7.
-11434446
What is 11112121110 (base 3) in base 12?
43886
1a24b9 (base 12) to base 5
104212430
Convert 627a (base 13) to base 14.
4d6d
187551 (base 9) to base 8
344543
2030423141 (base 5) to base 6
225015100
What is 1766a63 (base 11) in base 4?
23123130331
220558 (base 13) to base 11
4a7582
Convert -1144025 (base 9) to base 15.
-c3918
Convert 110000001101011 (base 2) to base 12.
1234b
Convert 4183479 (base 10) to base 8.
17752667
Convert 102122202101 (base 3) to base 8.
700120
What is -13a6b4 (base 15) in base 12?
-397907
Convert -10011011000010110110 (base 2) to base 15.
-c8277
What is -85c67c (base 13) in base 6?
-151151542
What is 154271 (base 8) in base 12?
28135
Convert 13331023 (base 5) to base 16.
214c4
Convert -373a53 (base 11) to base 15.
-ba136
-1b0e2 (base 15) to base 9
-143585
What is -2759499 (base 12) in base 3?
-112201222211200
What is -112046 (base 10) in base 4?
-123112232
-420200 (base 5) to base 15
-4150
Convert -110013013 (base 4) to base 14.
-2203d
What is -1b70 (base 14) in base 3?
-20212010
-21132125 (base 6) to base 3
-1011102122222
b809c (base 14) to base 3
211120222010
2211505 (base 7) to base 12
11142a
-2583247 (base 11) to base 8
-21032037
46655637 (base 8) to base 14
14d0687
What is -1603674 (base 9) in base 11?
-557585
9de32 (base 15) to base 14
d12ad
Convert 75f4 (base 16) to base 6.
351444
Convert -1710984 (base 11) to base 3.
-12111002021100
Convert -2329d0 (base 14) to base 16.
-1248fa
-103221222023 (base 4) to base 2
-10011101001101010001011
What is 38002 (base 14) in base 16?
217f2
Convert 18447c3 (base 13) to base 3.
112220110021220
-1222111302 (base 4) to base 8
-1522562
Convert -4423324 (base 9) to base 6.
-122543034
Convert -59c8f4 (base 16) to base 7.
-101004644
What is 28647 (base 12) in base 9?
85101
What is -92aa0 (base 16) in base 11?
-380384
What is -65615 (base 12) in base 13?
-48c6b
What is 2256174 (base 9) in base 13?
3386bc
-530245 (base 9) to base 4
-1030323323
29776 (base 11) to base 10
42191
What is 25155131 (base 6) in base 12?
32baa7
What is 13001224 (base 5) in base 2?
11110100100000101
-25021131 (base 7) to base 4
-20203000203
Convert dd00 (base 16) to base 6.
1113532
Convert 413114 (base 7) to base 11.
4914a
Convert -1300030020 (base 4) to base 10.
-459528
-3451521 (base 6) to base 15
-37ae1
Convert 33f858 (base 16) to base 14.
649316
11e00b (base 16) to base 14
226cc3
What is -4133021 (base 5) in base 3?
-10110010022
What is -11111000010101011 (base 2) in base 10?
-127147
58327 (base 14) to base 4
310121333
Convert -1627275 (base 8) to base 13.
-136340
Convert -103578 (base 11) to base 10.
-165734
50554332 (base 8) to base 14
15bb4a6
Convert 31111 (base 16) to base 3.
101012200121
21420424 (base 5) to base 13
66708
-196a99 (base 11) to base 15
-5e7b9
Convert 84105 (base 11)